e prime factors of d.
2, 5, 89
Let u(x) = 1 - 6 + 3 - 24*x + 0. List the prime factors of u(-3).
2, 5, 7
Suppose -3*h = 2*l + 42, -2*l + 8 = h + 42. Let k = -13 - l. Suppose -k*m = -4*m + 38. What are the prime factors of m?
19
Let w = 5 + -4. Let a be (-4)/3*-3 - w. What are the prime factors of (-3)/((-135)/44 + a)?
2, 11
Suppose -s - 4*z = -789, -3*s + 3*z = 2*z - 2393. What are the prime factors of s?
797
Let a(h) = 201*h - 832. List the prime factors of a(11).
7, 197
Let o(p) = -249*p - 13. What are the prime factors of o(-3)?
2, 367
Let z = 149 + -85. Let y = -15 - 18. Let q = y + z. List the prime factors of q.
31
What are the prime factors of (34/8)/(50/6000)?
2, 3, 5, 17
Suppose 5*i + 4*s = 9*i - 11028, s + 5 = 0. What are the prime factors of i?
2, 43
Suppose 0 = -37*w + 50*w - 19773. List the prime factors of w.
3, 13
Suppose -2*r + 1 = -9. Suppose -4*o + 34 = y, r*o + 2 - 90 = -3*y. List the prime factors of y.
2, 13
Let i be 2/8 + (-21)/(-28). What are the prime factors of ((-889)/(-5))/i - 10/(-50)?
2, 89
Let i be 3/(-3) + (217 - 0). What are the prime factors of i/(-42)*(-84)/9?
2, 3
Let p = -7 + 7. Suppose -2*g - 3*r + 1 = p, 3*r = -2*g - r. What are the prime factors of -1 + g + 17 + -14?
2
Let o = -489 - -672. List the prime factors of o.
3, 61
Let q(i) = -i**3 + 49*i**2 + 48*i - 189. List the prime factors of q(49).
3, 7, 103
Let h(v) = -v**3 - 11*v**2 - 7*v - 35. List the prime factors of h(-11).
2, 3, 7
Let o = -151 - -329. What are the prime factors of o?
2, 89
Suppose o + 4*p + 11 = 0, 0 = -o - 0*p + p - 36. Let j = -13 - o. List the prime factors of j.
2, 3
Let h(g) = -g**2 - 17*g + 16. Let s be (7/((-28)/(-48)))/(3/(-4)). What are the prime factors of h(s)?
2
Let d(m) = 2*m**3 - 4*m**2 - 6. Let u be d(5). Let g = u - 33. List the prime factors of g.
3, 37
Suppose -11*i + 14*i = -4*p + 558, -383 = -2*i + p. What are the prime factors of i?
2, 5, 19
Suppose 4*x - 105*w = -100*w + 12469, -5*w = -15. What are the prime factors of x?
3121
Let k(l) = 4*l**2 + 83*l - 273. List the prime factors of k(-46).
4373
Let x be (-2)/6 + 228/9. Suppose -10 = -2*c + 4*i, -x = -5*c - 4*i + i. List the prime factors of 2/(-4)*(c + -29).
2, 3
Suppose 157 = -o + 753. List the prime factors of o.
2, 149
Suppose 4*s + 3*b - 24 = 0, -2*s + 2*b - 7 = -19. Suppose 2*j = s*j - 528. List the prime factors of j.
2, 3, 11
Let q(i) = 75*i**2 - 3*i - 13. What are the prime factors of q(3)?
653
Let n be (13/(39/6))/(2 - 4). What are the prime factors of n*(-1)/(-2)*(-151 + -7)?
79
Suppose 5*z - t + 300 = 0, 4*t - 35 = -2*z - 133. Let m = z - -83. Let j = -13 + m. What are the prime factors of j?
11
Let z = 32 + -30. What are the prime factors of z/(1 - (-142)/(-146))?
73
Let k = -12 - -21. Suppose 4*a - 3*y - 103 = 0, -y = 2*y - k. List the prime factors of a.
2, 7
Let q(m) = -m**2 - 44*m - 19. List the prime factors of q(-29).
2, 13
Let a(d) = -d**2 - d - 17. Let z be a(0). Let w = 20 + z. Suppose -6*f + w*f = -216. What are the prime factors of f?
2, 3
Let p be 3/2*4/3. Suppose 3 = -n - p. What are the prime factors of (7/(-2))/(n/10)?
7
Suppose -w + 4 = 0, 3*w = -4*k + 2*w + 3828. Suppose 5*l - 5*t = k - 341, -t = -2*l + 249. Let x = l - 57. List the prime factors of x.
3, 23
Suppose 221 + 455 = 4*z + 5*w, z - 4*w = 190. What are the prime factors of z?
2, 3, 29
Suppose 1306 = 7*f - 15410. List the prime factors of f.
2, 3, 199
Suppose -g + 7*x + 238 = -2022, 5*g = -4*x + 11417. What are the prime factors of g?
2281
Suppose 3*y - y = 10. Let q be (-6 - -5)/(2/(-14)). Suppose c = 5*m + 18, y*m = 4*c + q - 79. List the prime factors of c.
2, 3
Suppose -4*b - 3 = 1, -4 = -u + 2*b. Suppose u*y - 2*a = 126, -y + 159 = 2*y + 3*a. What are the prime factors of y?
2, 29
Let u = -3918 - -6444. List the prime factors of u.
2, 3, 421
Suppose 0 = -26*o + 9*o. Suppose o = -p + 5*y + 173, -7 = -5*y + 3. List the prime factors of p.
3, 61
Suppose 0 = -3*b + 4 + 5. Suppose -4*l = 4*w - 188, 3*w - 3*l - 124 + 7 = 0. Suppose b*r - w = 80. List the prime factors of r.
41
Let x be ((-8)/6)/(32/(-72)). Suppose 4*i = -5*g + 3*i + 14, x*i = -4*g + 20. Suppose 84 = 2*u + 2*n, 12 + 76 = g*u - 2*n. List the prime factors of u.
43
Suppose 9 = 3*n - 6. Suppose n*s + 5 = 5*j + 2*s, 2*j = s + 3. Suppose -212 = -j*t - 56. List the prime factors of t.
3, 13
Let g = 1322 + 90. Suppose -544 = -2*y - 4*h, 0 = -7*y + 2*y + 3*h + g. Suppose -z = -5*q + y, -4*q + 240 = z - 5*z. List the prime factors of q.
5, 11
Let k(g) = 4*g - 11. Let n be k(5). Let h = 39 - n. What are the prime factors of h?
2, 3, 5
Let p = -6864 - -9879. List the prime factors of p.
3, 5, 67
Let o = 8 - 3. Let g(s) = -s**2 + 5*s + 3. Let i be g(o). Suppose c - i - 57 = 0. What are the prime factors of c?
2, 3, 5
Suppose -4*i = r - 2390, 17154 = 5*r + 3*i + 5136. What are the prime factors of r?
2, 3, 401
Suppose -4*s = t - 261 - 138, 3*s = 4*t - 1558. What are the prime factors of t?
17, 23
Let d = -30 - -30. Suppose d = 3*o - 10*o + 28. Suppose 4*y + o*q = 148, 4*y - 2*q - 153 = -q. List the prime factors of y.
2, 19
Let o(t) = -4*t + 11*t - 5*t + 16. List the prime factors of o(-7).
2
Let r = 82 + -82. Suppose r = -3*c - q + 309, 3*c + 3*q - 515 = -2*c. List the prime factors of c.
103
Let k = -286 + 113. List the prime factors of (7 - 3) + -1 - k.
2, 11
Let p(h) be the third derivative of -h**6/24 - 12*h**2. Let m be p(-1). Suppose -6*z + 53 = -m*z. List the prime factors of z.
53
Let q be -4 + 4 + 68 - 4. Let j = -20 + q. List the prime factors of j.
2, 11
Suppose -4*d + d = 0. Suppose -9 = -0*c + 3*c, -5*y + c = -768. Suppose d = 4*g - y + 25. What are the prime factors of g?
2
Suppose -3*m + 8*m = 0. Suppose 4*a + 227 = 7*a + l, a + 2*l - 84 = m. What are the prime factors of a?
2, 37
Let k be ((-4)/(-5))/((-8)/(-940)). Suppose -6*x = -1054 + k. List the prime factors of x.
2, 5
Suppose 27 = 2*p + 91. Suppose 5*r - 2*a + 61 = -3*a, -4*r - 4*a = 52. List the prime factors of p/6*18/r.
2
List the prime factors of 4/(-10) + (-806)/(-65).
2, 3
What are the prime factors of (-52098)/(-15) + (-23)/115?
23, 151
Suppose 5 = -2*a + 3*a. Suppose m + 720 = 2*s, -6*s = -a*s + 4*m - 351. What are the prime factors of s?
359
Let r(c) be the second derivative of c**4 + c**3/2 + c**2 - 6*c. List the prime factors of r(-1).
11
Let x be 3*1/3*124/4. Let s = x - -6. What are the prime factors of s?
37
Let y = -3207 - -6092. What are the prime factors of y?
5, 577
Suppose 0 = -12*d + 8*d + 3*j + 8568, j - 6413 = -3*d. What are the prime factors of d?
3, 23, 31
Let u = -452 + 127. Let g = -185 - u. What are the prime factors of g?
2, 5, 7
Suppose 2*f = -i - 3*f + 829, 3*f - 4145 = -5*i. Suppose -5*p + i - 214 = -t, 2*p = -5*t + 219. What are the prime factors of p?
2, 61
List the prime factors of (1407/(-35))/((-2)/20).
2, 3, 67
Let g(r) = -25*r - 31. Let s(l) = -63*l - 78. Let f(p) = -12*g(p) + 5*s(p). What are the prime factors of f(-3)?
3
Let w(m) = m**2 + 2*m. Let b be w(2). Let f = -8 - b. Let c = f + 46. What are the prime factors of c?
2, 3, 5
Let j(u) = u**3 - 7*u**2 - 3*u - 1. Let f be j(7). Let r = -16 - f. Suppose -o - 4 = -r. List the prime factors of o.
2
What are the prime factors of 2/(2/(-13)*(-6)/84)?
2, 7, 13
Let o(t) = -2*t**2 + t - 4. Let j be o(3). Let y = 23 + j. What are the prime factors of -27*(2/1 - y)?
2, 3
Let n be (-2)/(-11) - 84/(-22). Suppose h + 1 = -n. Let m = -3 - h. What are the prime factors of m?
2
Let k = 19 + -17. Suppose 10 = -k*r + r. What are the prime factors of -3*r/15 + 35?
37
Let p(k) = k**3 + 5 + 5*k**2 + 5*k - k + k. Let f be p(-4). What are the prime factors of (6 - f)*16/10?
2
Suppose 3*m - 5*a = 1408, 0 = -3*m - 2*a - 0*a + 1415. Suppose 0 = -5*r - 2*u + m, -5*r + 4*u = 2*u - 479. What are the prime factors of r?
5, 19
Suppose 0 = 6*w - 1505 - 1837. What are the prime factors of w?
557
Let n(t) = t**3 + 12*t**2 + 12*t + 1. Let s be n(-10). Suppose 3*y - 5*d - 67 = 0, 3*d - s = -2*y - 11. Let k = y - 4. What are the prime factors of k?
5
List the prime factors of (-3834)/(-4) - ((-21)/(-14) - 2).
7, 137
Let i = -18 - -20. Suppose 185 = 5*x + 5*v, -5*x - i*v + 108 = -2*x. What are the prime factors of x?
2, 17
Suppose 7024 = 16*j + 832. List the prime factors of j.
3, 43
Suppo